e remainder when 334 is divided by 12?
10
What is the remainder when 128 is divided by 18?
2
Calculate the remainder when 3050 is divided by 234.
8
What is the remainder when 687 is divided by 225?
12
Calculate the remainder when 268 is divided by 20.
8
What is the remainder when 575 is divided by 10?
5
Calculate the remainder when 215 is divided by 60.
35
What is the remainder when 217 is divided by 16?
9
What is the remainder when 766 is divided by 47?
14
What is the remainder when 2110 is divided by 132?
130
Calculate the remainder when 409 is divided by 83.
77
What is the remainder when 46 is divided by 35?
11
What is the remainder when 2141 is divided by 24?
5
What is the remainder when 634 is divided by 157?
6
What is the remainder when 1119 is divided by 16?
15
What is the remainder when 6485 is divided by 9?
5
Calculate the remainder when 392 is divided by 18.
14
Calculate the remainder when 245 is divided by 4.
1
What is the remainder when 5901 is divided by 11?
5
What is the remainder when 1272 is divided by 22?
18
What is the remainder when 295 is divided by 75?
70
What is the remainder when 514 is divided by 206?
102
Calculate the remainder when 3019 is divided by 84.
79
What is the remainder when 42 is divided by 15?
12
What is the remainder when 28 is divided by 11?
6
Calculate the remainder when 110 is divided by 41.
28
Calculate the remainder when 189 is divided by 5.
4
Calculate the remainder when 637 is divided by 78.
13
Calculate the remainder when 363 is divided by 68.
23
Calculate the remainder when 400 is divided by 107.
79
What is the remainder when 7011 is divided by 3500?
11
What is the remainder when 2847 is divided by 57?
54
What is the remainder when 20219 is divided by 73?
71
Calculate the remainder when 1746 is divided by 276.
90
Calculate the remainder when 2844 is divided by 89.
85
Calculate the remainder when 120 is divided by 1.
0
What is the remainder when 248 is divided by 117?
14
Calculate the remainder when 495 is divided by 111.
51
Calculate the remainder when 190 is divided by 67.
56
Calculate the remainder when 124 is divided by 8.
4
Calculate the remainder when 256 is divided by 33.
25
Calculate the remainder when 7405 is divided by 114.
109
Calculate the remainder when 396 is divided by 10.
6
Calculate the remainder when 112 is divided by 13.
8
Calculate the remainder when 102 is divided by 48.
6
What is the remainder when 645 is divided by 8?
5
Calculate the remainder when 456 is divided by 63.
15
Calculate the remainder when 3018 is divided by 189.
183
What is the remainder when 51643 is divided by 217?
214
What is the remainder when 66 is divided by 24?
18
Calculate the remainder when 142 is divided by 37.
31
What is the remainder when 6098 is divided by 56?
50
Calculate the remainder when 73 is divided by 67.
6
What is the remainder when 3228 is divided by 154?
148
What is the remainder when 13956 is divided by 13?
7
Calculate the remainder when 778 is divided by 68.
30
What is the remainder when 1490 is divided by 20?
10
What is the remainder when 53 is divided by 30?
23
Calculate the remainder when 228 is divided by 100.
28
What is the remainder when 1080 is divided by 139?
107
Calculate the remainder when 678 is divided by 111.
12
Calculate the remainder when 54 is divided by 8.
6
What is the remainder when 93 is divided by 12?
9
Calculate the remainder when 48 is divided by 13.
9
Calculate the remainder when 498 is divided by 100.
98
What is the remainder when 213 is divided by 50?
13
What is the remainder when 102 is divided by 16?
6
What is the remainder when 571 is divided by 65?
51
What is the remainder when 430 is divided by 38?
12
What is the remainder when 469 is divided by 122?
103
Calculate the remainder when 82 is divided by 37.
8
What is the remainder when 570 is divided by 32?
26
What is the remainder when 315 is divided by 146?
23
What is the remainder when 1134 is divided by 3?
0
What is the remainder when 4943 is divided by 12?
11
Calculate the remainder when 249 is divided by 36.
33
What is the remainder when 3544 is divided by 18?
16
Calculate the remainder when 1219 is divided by 152.
3
What is the remainder when 1597 is divided by 39?
37
What is the remainder when 583 is divided by 117?
115
What is the remainder when 91 is divided by 23?
22
What is the remainder when 2495 is divided by 819?
38
What is the remainder when 185 is divided by 102?
83
What is the remainder when 46 is divided by 1?
0
What is the remainder when 79458 is divided by 439?
438
Calculate the remainder when 255 is divided by 6.
3
Calculate the remainder when 44 is divided by 17.
10
What is the remainder when 278 is divided by 29?
17
What is the remainder when 117 is divided by 26?
13
Calculate the remainder when 2527 is divided by 17.
11
Calculate the remainder when 17 is divided by 1.
0
Calculate the remainder when 1050 is divided by 9.
6
Calculate the remainder when 921 is divided by 114.
9
Calculate the remainder when 158 is divided by 85.
73
Calculate the remainder when 3321 is divided by 151.
150
What is the remainder when 106 is divided by 3?
1
Calculate the remainder when 183 is divided by 32.
23
What is the remainder when 625 is divided by 129?
109
Calculate the remainder when 6736 is divided by 23.
20
What is the remainder when 771 is divided by 179?
55
Calculate the remainder when 394 is divided by 22.
20
Calculate the remainder when 201 is divided by 59.
24
What is the remainder when 177 is divided by 93?
84
Calculate the remainder when 334 is divided by 21.
19
What is the remainder when 69 is divided by 19?
12
Calculate the remainder when 1869 is divided by 420.
189
Calculate the remainder when 292 is divided by 7.
5
What is the remainder when 10567 is divided by 39?
37
What is the remainder when 2653 is divided by 529?
8
What is the remainder when 936 is divided by 884?
52
What is the remainder when 1079 is divided by 217?
211
What is the remainder when 206 is divided by 187?
19
What is the remainder when 4535 is divided by 905?
10
Calculate the remainder when 241 is divided by 28.
17
Calculate the remainder when 61 is divided by 31.
30
Calculate the remainder when 1132 is divided by 162.
160
What is the remainder when 375 is divided by 29?
27
What is the remainder when 212 is divided by 18?
14
What is the remainder when 354 is divided by 121?
112
What is the remainder when 2478 is divided by 16?
14
What is the remainder when 229 is divided by 8?
5
What is the remainder when 5146 is divided by 25?
21
What is the remainder when 7106 is divided by 69?
68
What is the remainder when 765 is divided by 24?
21
What is the remainder when 62 is divided by 36?
26
What is the remainder when 2349 is divided by 112?
109
Calculate the remainder when 27 is divided by 3.
0
Calculate the remainder when 77 is divided by 13.
12
What is the remainder when 515 is divided by 15?
5
Calculate the remainder when 31383 is divided by 8.
7
Calculate the remainder when 1350 is divided by 26.
24
What is the remainder when 1275 is divided by 413?
36
Calculate the remainder when 2309 is divided by 14.
13
Calculate the remainder when 1050 is divided by 39.
36
Calculate the remainder when 3204 is divided by 146.
138
Calculate the remainder when 3998 is divided by 32.
30
Calculate the remainder when 875 is divided by 126.
119
What is the remainder when 2071 is divided by 14?
13
What is the remainder when 821 is divided by 55?
51
Calculate the remainder when 1388 is divided by 107.
104
Calculate the remainder when 17992 is divided by 19.
18
Calculate the remainder when 127 is divided by 31.
3
What is the remainder when 19 is divided by 3?
1
Calculate the remainder when 295 is divided by 20.
15
What is the remainder when 97 is divided by 35?
27
What is the remainder when 214 is divided by 54?
52
What is the remainder when 1295 is divided by 319?
19
What is the remainder when 1676 is divided by 14?
10
Calculate the remainder when 71 is divided by 17.
3
What is the remainder when 2758 is divided by 8?
6
What is the remainder when 300 is divided by 3?
0
What is the remainder when 208 is divided by 6?
4
Calculate the remainder when 332 is divided by 267.
65
What is the remainder when 659 is divided by 12?
11
What is the remaind